{"id":1664,"date":"2020-02-21T10:23:19","date_gmt":"2020-02-21T10:23:19","guid":{"rendered":"https:\/\/maratondelahabana.com\/travel-deals\/desde-europa\/"},"modified":"2020-02-21T10:25:47","modified_gmt":"2020-02-21T10:25:47","slug":"desde-europa","status":"publish","type":"page","link":"https:\/\/maratondelahabana.com\/en\/travel-offers\/desde-europa\/","title":{"rendered":"From Europe"},"content":{"rendered":"<div class=\"wpb-content-wrapper\"><p>[vc_row][vc_column width=&#8221;1\/3&#8243;][vc_single_image image=&#8221;1653&#8243; img_size=&#8221;full&#8221;][\/vc_column][vc_column width=&#8221;2\/3&#8243;][vc_column_text el_class=&#8221;ofertas_text&#8221;]<strong><u>GLOBALRUNNERS<\/u><\/strong><\/p>\n<p>GLOBALRUNNERS is arranging tours for runners, cross-country skiers, cyclists and trekkers to all continents since 2013. We are very happy to welcome guests to join us for Havana Marathon. Choose between 10, 21 and 42 km. Our tour starts with the race in Havana. After a few days in the capital, we continue westwards to the green valley of Vi\u00f1ales where we go riding and cycling, visiting cigar- and coffee-producers as well as fishermen on the North coast.\u00a0 We move on and explore the Juvel of Cuba, the small, colourful city of Trinidad, on the south coast. Trek in the mountains, snorkle and swim in the Caribbean Sea and stay with local families at Casa Particulares during the whole tour before returning home. The number of guests is limited: Book a unique, wonderful and interesting experience with strong impressions now!<\/p>\n<p><strong>More information<\/strong>: <a href=\"https:\/\/www.globalrunners.se\/havana-marathon\">www.globarulrunners.se<\/a><\/p>\n<p><strong>Email\u00a0<\/strong>: <a href=\"mailto:info@globalrunners.se\">info@globalrunners.se<\/a>[\/vc_column_text][\/vc_column][\/vc_row]<\/p>\n<\/div>","protected":false},"excerpt":{"rendered":"<p>[vc_row][vc_column width=&#8221;1\/3&#8243;][vc_single_image image=&#8221;1653&#8243; img_size=&#8221;full&#8221;][\/vc_column][vc_column width=&#8221;2\/3&#8243;][vc_column_text el_class=&#8221;ofertas_text&#8221;]GLOBALRUNNERS GLOBALRUNNERS is arranging tours for runners, cross-country skiers, cyclists and trekkers to all continents since 2013. We are very happy to welcome guests to join us for Havana Marathon. Choose between 10, 21 and 42 km. Our tour starts with the race in Havana. After a few days in [&hellip;]<\/p>\n","protected":false},"author":8,"featured_media":0,"parent":362,"menu_order":0,"comment_status":"closed","ping_status":"closed","template":"","meta":{"_monsterinsights_skip_tracking":false,"_monsterinsights_sitenote_active":false,"_monsterinsights_sitenote_note":"","_monsterinsights_sitenote_category":0,"footnotes":""},"class_list":["post-1664","page","type-page","status-publish","hentry"],"yoast_head":"<!-- This site is optimized with the Yoast SEO plugin v27.4 - https:\/\/yoast.com\/product\/yoast-seo-wordpress\/ -->\n<title>From Europe &#8211; P\u00e1gina OFICIAL Marat\u00f3n de la Habana \/ Habana Marathon Official Site<\/title>\n<meta name=\"description\" content=\"Marabana 2018 se celebrar\u00e1 el domingo 18 de Noviembre de 2018 a las 7 am, con salida y llegada frente al Capitolio. Existen tres modalidades de carrera marat\u00f3n, media marat\u00f3n y 10k, todas con categor\u00eda de discapacitados.\" \/>\n<meta name=\"robots\" content=\"index, follow, max-snippet:-1, max-image-preview:large, max-video-preview:-1\" \/>\n<link rel=\"canonical\" href=\"https:\/\/maratondelahabana.com\/en\/travel-offers\/desde-europa\/\" \/>\n<meta property=\"og:locale\" content=\"en_US\" \/>\n<meta property=\"og:type\" content=\"article\" \/>\n<meta property=\"og:title\" content=\"From Europe &#8211; P\u00e1gina OFICIAL Marat\u00f3n de la Habana \/ Habana Marathon Official Site\" \/>\n<meta property=\"og:description\" content=\"Marabana 2018 se celebrar\u00e1 el domingo 18 de Noviembre de 2018 a las 7 am, con salida y llegada frente al Capitolio. Existen tres modalidades de carrera marat\u00f3n, media marat\u00f3n y 10k, todas con categor\u00eda de discapacitados.\" \/>\n<meta property=\"og:url\" content=\"https:\/\/maratondelahabana.com\/en\/travel-offers\/desde-europa\/\" \/>\n<meta property=\"og:site_name\" content=\"P\u00e1gina OFICIAL Marat\u00f3n de la Habana \/ Habana Marathon Official Site\" \/>\n<meta property=\"article:publisher\" content=\"https:\/\/www.facebook.com\/MaratonDeLaHabanaMarabana\/\" \/>\n<meta property=\"article:modified_time\" content=\"2020-02-21T10:25:47+00:00\" \/>\n<meta name=\"twitter:card\" content=\"summary_large_image\" \/>\n<meta name=\"twitter:site\" content=\"@MaratonMarabana\" \/>\n<meta name=\"twitter:label1\" content=\"Est. reading time\" \/>\n\t<meta name=\"twitter:data1\" content=\"1 minute\" \/>\n<script type=\"application\/ld+json\" class=\"yoast-schema-graph\">{\"@context\":\"https:\\\/\\\/schema.org\",\"@graph\":[{\"@type\":\"WebPage\",\"@id\":\"https:\\\/\\\/maratondelahabana.com\\\/en\\\/travel-offers\\\/desde-europa\\\/\",\"url\":\"https:\\\/\\\/maratondelahabana.com\\\/en\\\/travel-offers\\\/desde-europa\\\/\",\"name\":\"From Europe &#8211; P\u00e1gina OFICIAL Marat\u00f3n de la Habana \\\/ Habana Marathon Official Site\",\"isPartOf\":{\"@id\":\"https:\\\/\\\/maratondelahabana.com\\\/en\\\/#website\"},\"datePublished\":\"2020-02-21T10:23:19+00:00\",\"dateModified\":\"2020-02-21T10:25:47+00:00\",\"description\":\"Marabana 2018 se celebrar\u00e1 el domingo 18 de Noviembre de 2018 a las 7 am, con salida y llegada frente al Capitolio. Existen tres modalidades de carrera marat\u00f3n, media marat\u00f3n y 10k, todas con categor\u00eda de discapacitados.\",\"breadcrumb\":{\"@id\":\"https:\\\/\\\/maratondelahabana.com\\\/en\\\/travel-offers\\\/desde-europa\\\/#breadcrumb\"},\"inLanguage\":\"en-US\",\"potentialAction\":[{\"@type\":\"ReadAction\",\"target\":[\"https:\\\/\\\/maratondelahabana.com\\\/en\\\/travel-offers\\\/desde-europa\\\/\"]}]},{\"@type\":\"BreadcrumbList\",\"@id\":\"https:\\\/\\\/maratondelahabana.com\\\/en\\\/travel-offers\\\/desde-europa\\\/#breadcrumb\",\"itemListElement\":[{\"@type\":\"ListItem\",\"position\":1,\"name\":\"Home\",\"item\":\"https:\\\/\\\/maratondelahabana.com\\\/en\\\/\"},{\"@type\":\"ListItem\",\"position\":2,\"name\":\"Travel offers\",\"item\":\"https:\\\/\\\/maratondelahabana.com\\\/en\\\/travel-offers\\\/\"},{\"@type\":\"ListItem\",\"position\":3,\"name\":\"From Europe\"}]},{\"@type\":\"WebSite\",\"@id\":\"https:\\\/\\\/maratondelahabana.com\\\/en\\\/#website\",\"url\":\"https:\\\/\\\/maratondelahabana.com\\\/en\\\/\",\"name\":\"P\u00e1gina OFICIAL Marat\u00f3n de la Habana \\\/ Habana Marathon Official Site\",\"description\":\"Marat\u00f3n de la Habana\",\"potentialAction\":[{\"@type\":\"SearchAction\",\"target\":{\"@type\":\"EntryPoint\",\"urlTemplate\":\"https:\\\/\\\/maratondelahabana.com\\\/en\\\/?s={search_term_string}\"},\"query-input\":{\"@type\":\"PropertyValueSpecification\",\"valueRequired\":true,\"valueName\":\"search_term_string\"}}],\"inLanguage\":\"en-US\"}]}<\/script>\n<!-- \/ Yoast SEO plugin. -->","yoast_head_json":{"title":"From Europe &#8211; P\u00e1gina OFICIAL Marat\u00f3n de la Habana \/ Habana Marathon Official Site","description":"Marabana 2018 se celebrar\u00e1 el domingo 18 de Noviembre de 2018 a las 7 am, con salida y llegada frente al Capitolio. Existen tres modalidades de carrera marat\u00f3n, media marat\u00f3n y 10k, todas con categor\u00eda de discapacitados.","robots":{"index":"index","follow":"follow","max-snippet":"max-snippet:-1","max-image-preview":"max-image-preview:large","max-video-preview":"max-video-preview:-1"},"canonical":"https:\/\/maratondelahabana.com\/en\/travel-offers\/desde-europa\/","og_locale":"en_US","og_type":"article","og_title":"From Europe &#8211; P\u00e1gina OFICIAL Marat\u00f3n de la Habana \/ Habana Marathon Official Site","og_description":"Marabana 2018 se celebrar\u00e1 el domingo 18 de Noviembre de 2018 a las 7 am, con salida y llegada frente al Capitolio. Existen tres modalidades de carrera marat\u00f3n, media marat\u00f3n y 10k, todas con categor\u00eda de discapacitados.","og_url":"https:\/\/maratondelahabana.com\/en\/travel-offers\/desde-europa\/","og_site_name":"P\u00e1gina OFICIAL Marat\u00f3n de la Habana \/ Habana Marathon Official Site","article_publisher":"https:\/\/www.facebook.com\/MaratonDeLaHabanaMarabana\/","article_modified_time":"2020-02-21T10:25:47+00:00","twitter_card":"summary_large_image","twitter_site":"@MaratonMarabana","twitter_misc":{"Est. reading time":"1 minute"},"schema":{"@context":"https:\/\/schema.org","@graph":[{"@type":"WebPage","@id":"https:\/\/maratondelahabana.com\/en\/travel-offers\/desde-europa\/","url":"https:\/\/maratondelahabana.com\/en\/travel-offers\/desde-europa\/","name":"From Europe &#8211; P\u00e1gina OFICIAL Marat\u00f3n de la Habana \/ Habana Marathon Official Site","isPartOf":{"@id":"https:\/\/maratondelahabana.com\/en\/#website"},"datePublished":"2020-02-21T10:23:19+00:00","dateModified":"2020-02-21T10:25:47+00:00","description":"Marabana 2018 se celebrar\u00e1 el domingo 18 de Noviembre de 2018 a las 7 am, con salida y llegada frente al Capitolio. Existen tres modalidades de carrera marat\u00f3n, media marat\u00f3n y 10k, todas con categor\u00eda de discapacitados.","breadcrumb":{"@id":"https:\/\/maratondelahabana.com\/en\/travel-offers\/desde-europa\/#breadcrumb"},"inLanguage":"en-US","potentialAction":[{"@type":"ReadAction","target":["https:\/\/maratondelahabana.com\/en\/travel-offers\/desde-europa\/"]}]},{"@type":"BreadcrumbList","@id":"https:\/\/maratondelahabana.com\/en\/travel-offers\/desde-europa\/#breadcrumb","itemListElement":[{"@type":"ListItem","position":1,"name":"Home","item":"https:\/\/maratondelahabana.com\/en\/"},{"@type":"ListItem","position":2,"name":"Travel offers","item":"https:\/\/maratondelahabana.com\/en\/travel-offers\/"},{"@type":"ListItem","position":3,"name":"From Europe"}]},{"@type":"WebSite","@id":"https:\/\/maratondelahabana.com\/en\/#website","url":"https:\/\/maratondelahabana.com\/en\/","name":"P\u00e1gina OFICIAL Marat\u00f3n de la Habana \/ Habana Marathon Official Site","description":"Marat\u00f3n de la Habana","potentialAction":[{"@type":"SearchAction","target":{"@type":"EntryPoint","urlTemplate":"https:\/\/maratondelahabana.com\/en\/?s={search_term_string}"},"query-input":{"@type":"PropertyValueSpecification","valueRequired":true,"valueName":"search_term_string"}}],"inLanguage":"en-US"}]}},"_links":{"self":[{"href":"https:\/\/maratondelahabana.com\/en\/wp-json\/wp\/v2\/pages\/1664","targetHints":{"allow":["GET"]}}],"collection":[{"href":"https:\/\/maratondelahabana.com\/en\/wp-json\/wp\/v2\/pages"}],"about":[{"href":"https:\/\/maratondelahabana.com\/en\/wp-json\/wp\/v2\/types\/page"}],"author":[{"embeddable":true,"href":"https:\/\/maratondelahabana.com\/en\/wp-json\/wp\/v2\/users\/8"}],"replies":[{"embeddable":true,"href":"https:\/\/maratondelahabana.com\/en\/wp-json\/wp\/v2\/comments?post=1664"}],"version-history":[{"count":1,"href":"https:\/\/maratondelahabana.com\/en\/wp-json\/wp\/v2\/pages\/1664\/revisions"}],"predecessor-version":[{"id":1666,"href":"https:\/\/maratondelahabana.com\/en\/wp-json\/wp\/v2\/pages\/1664\/revisions\/1666"}],"up":[{"embeddable":true,"href":"https:\/\/maratondelahabana.com\/en\/wp-json\/wp\/v2\/pages\/362"}],"wp:attachment":[{"href":"https:\/\/maratondelahabana.com\/en\/wp-json\/wp\/v2\/media?parent=1664"}],"curies":[{"name":"wp","href":"https:\/\/api.w.org\/{rel}","templated":true}]}}

<div class="wpb-content-wrapper"><p>[vc_row][vc_column width=&#8221;1/3&#8243;][vc_single_image image=&#8221;1653&#8243; img_size=&#8221;full&#8221;][/vc_column][vc_column width=&#8221;2/3&#8243;][vc_column_text el_class=&#8221;ofertas_text&#8221;]<strong><u>GLOBALRUNNERS</u></strong></p>
<p>GLOBALRUNNERS is arranging tours for runners, cross-country skiers, cyclists and trekkers to all continents since 2013. We are very happy to welcome guests to join us for Havana Marathon. Choose between 10, 21 and 42 km. Our tour starts with the race in Havana. After a few days in the capital, we continue westwards to the green valley of Viñales where we go riding and cycling, visiting cigar- and coffee-producers as well as fishermen on the North coast.  We move on and explore the Juvel of Cuba, the small, colourful city of Trinidad, on the south coast. Trek in the mountains, snorkle and swim in the Caribbean Sea and stay with local families at Casa Particulares during the whole tour before returning home. The number of guests is limited: Book a unique, wonderful and interesting experience with strong impressions now!</p>
<p><strong>More information</strong>: <a href="https://www.globalrunners.se/havana-marathon">www.globarulrunners.se</a></p>
<p><strong>Email </strong>: <a href="mailto:info@globalrunners.se">info@globalrunners.se</a>[/vc_column_text][/vc_column][/vc_row]</p>
</div>

<!-- This site is optimized with the Yoast SEO plugin v27.4 - https://yoast.com/product/yoast-seo-wordpress/ -->
<title>From Europe &#8211; Página OFICIAL Maratón de la Habana / Habana Marathon Official Site</title>
<meta name="description" content="Marabana 2018 se celebrará el domingo 18 de Noviembre de 2018 a las 7 am, con salida y llegada frente al Capitolio. Existen tres modalidades de carrera maratón, media maratón y 10k, todas con categoría de discapacitados." />
<meta name="robots" content="index, follow, max-snippet:-1, max-image-preview:large, max-video-preview:-1" />
<link rel="canonical" href="https://maratondelahabana.com/en/travel-offers/desde-europa/" />
<meta property="og:locale" content="en_US" />
<meta property="og:type" content="article" />
<meta property="og:title" content="From Europe &#8211; Página OFICIAL Maratón de la Habana / Habana Marathon Official Site" />
<meta property="og:description" content="Marabana 2018 se celebrará el domingo 18 de Noviembre de 2018 a las 7 am, con salida y llegada frente al Capitolio. Existen tres modalidades de carrera maratón, media maratón y 10k, todas con categoría de discapacitados." />
<meta property="og:url" content="https://maratondelahabana.com/en/travel-offers/desde-europa/" />
<meta property="og:site_name" content="Página OFICIAL Maratón de la Habana / Habana Marathon Official Site" />
<meta property="article:publisher" content="https://www.facebook.com/MaratonDeLaHabanaMarabana/" />
<meta property="article:modified_time" content="2020-02-21T10:25:47+00:00" />
<meta name="twitter:card" content="summary_large_image" />
<meta name="twitter:site" content="@MaratonMarabana" />
<meta name="twitter:label1" content="Est. reading time" />
	<meta name="twitter:data1" content="1 minute" />
<script type="application/ld+json" class="yoast-schema-graph">{"@context":"https:\/\/schema.org","@graph":[{"@type":"WebPage","@id":"https:\/\/maratondelahabana.com\/en\/travel-offers\/desde-europa\/","url":"https:\/\/maratondelahabana.com\/en\/travel-offers\/desde-europa\/","name":"From Europe &#8211; Página OFICIAL Maratón de la Habana \/ Habana Marathon Official Site","isPartOf":{"@id":"https:\/\/maratondelahabana.com\/en\/#website"},"datePublished":"2020-02-21T10:23:19+00:00","dateModified":"2020-02-21T10:25:47+00:00","description":"Marabana 2018 se celebrará el domingo 18 de Noviembre de 2018 a las 7 am, con salida y llegada frente al Capitolio. Existen tres modalidades de carrera maratón, media maratón y 10k, todas con categoría de discapacitados.","breadcrumb":{"@id":"https:\/\/maratondelahabana.com\/en\/travel-offers\/desde-europa\/#breadcrumb"},"inLanguage":"en-US","potentialAction":[{"@type":"ReadAction","target":["https:\/\/maratondelahabana.com\/en\/travel-offers\/desde-europa\/"]}]},{"@type":"BreadcrumbList","@id":"https:\/\/maratondelahabana.com\/en\/travel-offers\/desde-europa\/#breadcrumb","itemListElement":[{"@type":"ListItem","position":1,"name":"Home","item":"https:\/\/maratondelahabana.com\/en\/"},{"@type":"ListItem","position":2,"name":"Travel offers","item":"https:\/\/maratondelahabana.com\/en\/travel-offers\/"},{"@type":"ListItem","position":3,"name":"From Europe"}]},{"@type":"WebSite","@id":"https:\/\/maratondelahabana.com\/en\/#website","url":"https:\/\/maratondelahabana.com\/en\/","name":"Página OFICIAL Maratón de la Habana \/ Habana Marathon Official Site","description":"Maratón de la Habana","potentialAction":[{"@type":"SearchAction","target":{"@type":"EntryPoint","urlTemplate":"https:\/\/maratondelahabana.com\/en\/?s={search_term_string}"},"query-input":{"@type":"PropertyValueSpecification","valueRequired":true,"valueName":"search_term_string"}}],"inLanguage":"en-US"}]}</script>
<!-- / Yoast SEO plugin. -->

From Europe &#8211; Página OFICIAL Maratón de la Habana / Habana Marathon Official Site

Marabana 2018 se celebrará el domingo 18 de Noviembre de 2018 a las 7 am, con salida y llegada frente al Capitolio. Existen tres modalidades de carrera maratón, media maratón y 10k, todas con categoría de discapacitados.

Página OFICIAL Maratón de la Habana / Habana Marathon Official Site

Maratón de la Habana
